alse
Is 2218 a factor of 180010662?
True
Is 109 a factor of 37327159?
True
Does 141 divide 612138528?
True
Is 1830280320 a multiple of 2970?
True
Is 99623934 a multiple of 1278?
True
Is 47463389 a multiple of 24?
False
Is 36 a factor of 6830244?
True
Is 4121 a factor of 508741571?
True
Does 42 divide 5329254?
True
Does 66 divide 27002535?
False
Is 4 a factor of 5481151?
False
Is 486 a factor of 773731926?
True
Is 87670430 a multiple of 2122?
True
Is 328 a factor of 1462443432?
True
Is 306689104 a multiple of 2782?
False
Is 81 a factor of 1170918828?
True
Does 6 divide 5737241?
False
Does 21 divide 565075518?
True
Does 733 divide 23895188?
False
Is 501 a factor of 131204702?
False
Is 1608 a factor of 84923304?
True
Is 356232195 a multiple of 3399?
True
Does 28 divide 7846855?
False
Is 21 a factor of 105407064?
True
Is 1996965984 a multiple of 5336?
True
Does 3450 divide 40803150?
True
Does 3 divide 47367973?
False
Is 71 a factor of 2541275807?
True
Is 14237952 a multiple of 2759?
False
Does 31 divide 54757932?
False
Is 846 a factor of 150851179?
False
Does 108 divide 269486449?
False
Is 552570474 a multiple of 93?
True
Is 60 a factor of 3119643060?
True
Does 19 divide 5697787?
False
Is 2621352 a multiple of 1828?
True
Does 467 divide 38189854?
False
Is 358586261 a multiple of 18?
False
Is 18391272 a multiple of 516?
True
Does 14 divide 44818830?
True
Is 162 a factor of 17951058?
True
Does 1263 divide 167110056?
True
Is 71 a factor of 691453877?
True
Is 179319126 a multiple of 854?
False
Does 10 divide 22930045?
False
Does 1670 divide 3651220302?
False
Does 72 divide 171727560?
True
Is 3852118309 a multiple of 14694?
False
Does 967 divide 207761180?
False
Is 268234744 a multiple of 4299?
False
Is 25147029 a multiple of 132?
False
Is 31 a factor of 1150378628?
True
Is 3922640 a multiple of 43?
False
Does 14 divide 37517214?
True
Does 2878 divide 64127596?
True
Is 766689844 a multiple of 1282?
True
Does 40 divide 84457320?
True
Is 788423138 a multiple of 45?
False
Is 181069620 a multiple of 114?
True
Does 6 divide 2772258?
True
Is 545605117 a multiple of 35?
False
Is 878 a factor of 51140208?
False
Is 1922407 a multiple of 117?
False
Does 93 divide 268053842?
False
Is 14387376 a multiple of 148?
True
Is 2299 a factor of 524390135?
False
Is 22003162 a multiple of 70?
False
Is 6 a factor of 4836108?
True
Does 37 divide 766886821?
False
Does 20 divide 205756800?
True
Is 41879961 a multiple of 337?
False
Does 254 divide 73454454?
False
Is 19144762 a multiple of 21?
False
Is 32 a factor of 202897914?
False
Is 1460 a factor of 1191857230?
False
Is 53018778 a multiple of 852?
False
Is 53 a factor of 11487061?
True
Is 90 a factor of 16029540?
True
Is 17 a factor of 15082264?
True
Does 52 divide 32055192?
True
Is 266279818 a multiple of 62?
False
Is 1782 a factor of 827033648?
False
Is 17408394 a multiple of 482?
True
Does 98 divide 247056144?
False
Is 4039 a factor of 2659557596?
False
Does 220 divide 234263700?
True
Is 5193720 a multiple of 630?
True
Is 5223492 a multiple of 18?
True
Is 8 a factor of 64777072?
True
Does 2265 divide 64480020?
True
Is 54575189 a multiple of 123?
False
Is 103 a factor of 209004281?
False
Does 12 divide 210475712?
False
Is 403695969 a multiple of 4195?
False
Is 40066896 a multiple of 48?
True
Is 37 a factor of 449463938?
True
Is 690462641 a multiple of 12?
False
Is 2719560 a multiple of 120?
True
Is 5744 a factor of 842259952?
True
Is 8 a factor of 899841312?
True
Is 37 a factor of 53587053?
False
Is 170241012 a multiple of 128?
False
Is 3573795108 a multiple of 13?
True
Does 20 divide 19856480?
True
Is 13 a factor of 614892421?
True
Is 41 a factor of 2231828742?
False
Is 1142537494 a multiple of 2177?
True
Is 8 a factor of 20952218?
False
Is 91 a factor of 2724725984?
False
Is 252473001 a multiple of 187?
True
Is 762 a factor of 10898666?
False
Is 25 a factor of 10318175?
True
Is 30515181 a multiple of 69?
True
Is 1063 a factor of 19821000?
False
Is 55 a factor of 243487496?
False
Is 1089444573 a multiple of 52?
False
Is 20157165 a multiple of 89?
True
Does 28 divide 3275372752?
False
Is 20 a factor of 882359220?
True
Is 83296213 a multiple of 255?
False
Does 293 divide 110527218?
True
Is 1472215160 a multiple of 14?
False
Is 37 a factor of 30056811?
False
Does 503 divide 426563524?
False
Is 28 a factor of 173871173?
False
Does 32 divide 21751264?
True
Does 5 divide 11263615?
True
Does 1618 divide 42828523?
False
Is 721995656 a multiple of 195?
False
Is 792 a factor of 7099488?
True
Is 62 a factor of 17704162?
True
Is 322 a factor of 80708334?
True
Is 42826050 a multiple of 675?
True
Is 48 a factor of 5190912?
True
Does 1633 divide 45900364?
True
Does 86 divide 47133160?
True
Does 14 divide 5013791?
False
Is 168 a factor of 29507856?
True
Is 147840 a multiple of 1760?
True
Is 20 a factor of 17850943?
False
Does 381 divide 19545300?
True
Is 160 a factor of 1424402386?
False
Is 969 a factor of 224012451?
True
Is 220 a factor of 23927947?
False
Does 9 divide 12394646?
False
Does 183 divide 586025292?
True
Is 31574400 a multiple of 132?
True
Is 346 a factor of 1428584868?
True
Does 13 divide 21407165?
True
Is 6 a factor of 31046693?
False
Does 57 divide 465832?
False
Does 633 divide 39966781?
False
Is 40841254 a multiple of 400?
False
Does 1127 divide 27052508?
True
Is 2185 a factor of 620186865?
False
Is 447114850 a multiple of 13?
True
Is 829 a factor of 111888537?
False
Is 885 a factor of 139800966?
False
Does 183 divide 34962516?
True
Does 121 divide 1281205043?
False
Does 5 divide 36509035?
True
Does 40 divide 14763581?
False
Is 110758005 a multiple of 49?
False
Is 125649576 a multiple of 12?
True
Is 2026032430 a multiple of 335?
True
Does 52 divide 2518244?
False
Does 6 divide 50732966?
False
Does 135 divide 2076731?
False
Is 144 a factor of 568375494?
False
Does 1079 divide 1852915987?
True
Is 1272876525 a multiple of 5157?
True
Is 4023306957 a multiple of 109?
True
Does 2305 divide 1389901170?
True
Is 302764364 a multiple of 644?
True
Does 1875 divide 218764654?
False
Does 28 divide 857411681?
False
Is 168 a factor of 12839763?
False
Is 16 a factor of 29571024?
True
Does 300 divide 1140054582?
False
Is 2123616 a multiple of 48?
True
Does 47 divide 125347475?
False
Is 2979 a factor of 4759741935?
True
Does 51 divide 214605858?
True
Is 9 a factor of 10785353?
False
Is 23325482 a multiple of 229?
True
Is 50 a factor of 17460350?
True
Does 203 divide 768508874?
True
Does 2142 divide 986313888?
True
Is 8 a factor of 160612464?
True
Is 5406144 a multiple of 276?
False
Is 13 a factor of 171341009?
False
Is 10 a factor of 800340520?
True
Does 940 divide 260041600?
True
Is 11 a factor of 367991129?
True
Is 107783160 a multiple of 202?
True
Is 243459136 a multiple of 1552?
True
Is 1203298488 a multiple of 306?
True
Is 167 a factor of 1363608273?
True
Is 23552000 a multiple of 1000?
True
Is 225521 a multiple of 92?
False
Is 33 a factor of 16752813?
True
Is 334593917 a multiple of 3?
False
Is 189000731 a multiple of 7?
False
Is 205 a factor of 18226810?
False
Is 2699751028 a multiple of 24?
False
Is 534271832 a multiple of 33?
False
Does 1928 divide 23070448?
True
Does 37 divide 372408664?
False
Is 153909547 a multiple of 168?
False
Is 1126094330 a multiple of 257?
True
Does 7 divide 160298512?
False
Is 6036570 a multiple of 9?
True
Is 369 a factor of 234981783?
True
Is 346870626 a multiple of 17?
False
Is 313 a factor of 1192013?
False
Does 1192 divide 566892552?
True
Is 505764735 a multiple of 35?
True
Is 183579520 a multiple of 3896?
True
Is 62 a factor of 650988344?
True
Is 26087459 a multiple of 18?
False
Does 103 divide 10479220?
True
Does 15 divide 991956676?
False
Is 8 a factor of 72083496?
True
Does 48 divide 44037984?
True
Is 142292766 a multiple of 14?
True
Is 503081011 a multiple of 67?
False
Does 6307 divide 509544034?
False
Does 54 divide 1394548758?
True
Is 2844626 a multiple of 908?
False
Is 96567021 a multiple of 1614?
False
Is 1559936301 a multiple of 2667?
True
Does 305 divide 1640039502?
False
Is 50054932 a multiple of 2701?
True
Is 35 a factor of 426291530?
True
Is 6840164 even?
True
Is 158757437 a multiple of 500?
False
Is 32 a factor of 328503904?
True
Does 63 divide 8429274?
True
Does 1189 divide 316627